 o(r) = -4 + 2 - r**2 - 2 + r. Determine o(i).
-4
Let l(j) = 2*j - 12. Let u(p) = -1. Let h(a) = l(a) - 5*u(a). Let b = 172 - 167. Suppose -3*v - 4*f = -23, 3*f + 7 + 12 = b*v. What is h(v)?
3
Suppose -7*p = -90*p - 415. Let d(r) = -2*r**3 - 8*r**2 + 14*r + 28. Determine d(p).
8
Suppose -7 = -3*n - 3*w - 37, -4*n + 5 = -5*w. Let t(j) be the third derivative of -1/6*j**3 - 1/4*j**4 - 1/60*j**5 + 0*j + 12*j**2 + 0. Give t(n).
4
Let z(n) = n**2 - 7*n - 10. Suppose 4*a + 42 = -a - 3*f, a - 14 = 5*f. Let m be (-7)/(((-12)/a)/(-2)). Give z(m).
-10
Let k(t) = -2*t + 6. Let y(d) = 41*d - 359. Let o be y(9). Give k(o).
-14
Suppose -5*h + 8*j - 13*j = 1310, 4*h = 3*j - 1020. Let s = -262 - h. Let c(r) = r + 3. Give c(s).
-1
Let k(q) = -10*q + 202. Let h be k(20). Let m be (-80)/(-140)*(-1)/h*7. Let x(d) = -6*d**2 - 3*d - 1. Calculate x(m).
-19
Let q be 7 - (-2 + (8 - 6)). Let d(c) = c + c**2 - 2*c - 4*c + 8 + 0*c. Calculate d(q).
22
Let y(s) = -s**3 + s**2 - 4*s. Let u(h) = -5*h**3 + 5*h**2 - 48*h + 8. Let l(p) = -u(p) + 6*y(p). What is l(6)?
-44
Suppose 24 = -7*u + 3*u. Let x(t) = t**2 + 13*t + 44. Let l be x(u). Let d(r) = 2 + 14*r**3 + 7*r**3 - 23*r**3 - r - 4*r**l. What is d(-2)?
4
Let m(p) = -10*p + 90. Suppose -90*w = 63 - 963. Calculate m(w).
-10
Let u(z) = 83*z**2 - z - 1. Let n be 5*(66/(-5) + 13). Give u(n).
83
Suppose 0 = 5*n - 25 - 15. Let b(a) = -n*a**2 - 8 + 9*a + a**3 - 8 + 11. What is b(7)?
9
Suppose -62 + 152 = 2*s + 2*o, -2*s + 89 = 3*o. Let g(y) = -6*y - 6. Let w be g(6). Let m = s + w. Let k(d) = d**2 - 2*d + 1. What is k(m)?
9
Let z(y) = -7 - 1 + 16 + 4*y + 0 - 2. Let h = 73 + -103. Let g be h/7 - 16/(-56). Calculate z(g).
-10
Let r(x) be the second derivative of x**3/6 + 10*x**2 + 2141*x. Determine r(-5).
15
Suppose -f + 7*m = 2*m - 34, -3*m = 5*f - 30. Let a(r) = r. Let s(q) = -4*q + 14. Let c(d) = -3*a(d) - s(d). What is c(f)?
-5
Let f(a) = -a + 12*a**3 + 17*a**2 - 34*a**3 + 18*a - 7*a - 16 + 11*a**3 + 9*a**3. Let t(r) = -r**3 + 8*r**2 + 10*r. Let m be t(9). Calculate f(m).
-7
Let j(i) = -i**3 + 10*i**2 + 62*i + 67. Let p(z) = -z**3 + 12*z**2 + 53*z + 64. Let v(x) = -4*j(x) + 5*p(x). What is v(21)?
-32
Let i(v) = -16*v + 69. Let z be -4 + (-7)/(-7) + 7. Give i(z).
5
Let c(z) be the first derivative of -z**4/24 + 19*z**3/6 - 183*z**2/2 - 47. Let f(q) be the second derivative of c(q). Calculate f(9).
10
Let a(l) be the first derivative of l**4/4 - 17*l**3/3 + 6*l**2 + 805. Determine a(16).
-64
Suppose 139 - 35 = -8*r. Let w(v) be the first derivative of -v**2 - 31*v - 3. Let o be w(r). Let y(c) = c**2 + 4*c + 4. Calculate y(o).
9
Let s(g) = -2*g + 37. Suppose q + 4*y = 3*y + 23, 5*q + 4*y = 109. Calculate s(q).
3
Let v = 118 - 103. Suppose 3*i + 5*g = 31, -4*i + 4*g = -5*i + v. Let u be i/(-14) + (-17)/2. Let k(h) = h**3 + 10*h**2 + 8*h - 8. Give k(u).
1
Suppose -5*i + 5*m + 5 = 0, -9*i = -7*i - 5*m - 14. Let z(h) = h**3 + 3*h**2 + 2*h - 2. Calculate z(i).
-8
Let y = 1638 - 1634. Let m(b) be the first derivative of -4*b**2 + 26*b + 94. What is m(y)?
-6
Let b(f) = 8*f + 9. Let q(t) = 5679*t - 4 - 5689*t - 5. Let r(s) = -4*b(s) - 3*q(s). Calculate r(-5).
1
Let s(v) be the third derivative of -v**7/840 - v**6/90 - v**5/40 - 5*v**4/24 - 35*v**3/6 + 5*v**2. Let u(z) be the first derivative of s(z). Calculate u(-3).
-5
Let l = -7 - -16. Let b(p) = 410*p + 411*p - 4 - 1230*p + 410*p + 1. Calculate b(l).
6
Let d be 490 + -488 - (-6 + 0 + 2). Let v(w) = w**3 + 4*w**2 - 60*w - 9. Determine v(d).
-9
Let s(m) be the first derivative of -2*m**3/3 - 39*m**2/2 + 19*m + 2775. Calculate s(-20).
-1
Let k be -16 - 126/3*36/(-126). Let y(x) be the first derivative of -3*x**3 - x**2/2 + 1. Let u(l) = -4*l**2 - l. Let t(r) = 7*u(r) - 3*y(r). Give t(k).
0
Let u(y) be the third derivative of y**5/60 + 47*y**4/24 - 52*y**3/3 - 23*y**2. Calculate u(-49).
-6
Suppose -v = 4*y + 2*v - 23, v = 5. Let t(d) = -4*d**2 - 5*d + 363 - 360 + 3*d**2 + y*d**2. Let s(j) = j + 3. Let x be s(0). Determine t(x).
-3
Let o(a) be the first derivative of -a**2 - 3*a + 1. Let x = -519 + 504. Let w be (-27)/x*-3*90/(-81). Calculate o(w).
-15
Let t(g) be the second derivative of -g**6/120 - g**5/15 + g**4/6 + g**3/2 + 68*g**2 - 2*g - 5. Let h(l) be the first derivative of t(l). What is h(-4)?
-13
Let a be (-1 - -3) + (-289)/(-17). Let g(y) = -17*y - 11. Let u(d) = 48*d + 34. Let j(c) = 17*g(c) + 6*u(c). Determine j(a).
-2
Let t = 127 - 115. Let z be 7 + (t/16)/((-3)/12). Suppose -7*m + z*k - 7 = -2*m, 9 = 3*k. Let w(r) = 4*r**2 + r. What is w(m)?
5
Let h(l) = l**3 - 7*l**2 - 4*l + 6. Suppose -s - 27 = 2*u - 134, 5*u + 3*s - 268 = 0. Suppose 11*k = 24 + u. Give h(k).
-22
Let m(x) = x**3 + 4*x**2 + x - 4. Let o be m(-3). Let u be ((-2)/1 - 2) + o. Let c(f) = -1052 + 1474 - 425 - f + 0*f. Give c(u).
-1
Let j(l) = 2*l**2 - 7*l - 2. Let x be ((-5)/3 + 1)*(-125 - -128). Let o be x/19 + 1067/209. What is j(o)?
13
Let h be 62/93 + ((-50)/6)/(-1). Let v be (10/6)/(6/18). Let c(z) = -8 + z + 1 - v + 3. Determine c(h).
0
Let a(s) = 7*s + 38 - 1561*s**2 + 844*s**2 + 716*s**2. Determine a(12).
-22
Let r(b) = -1840 - b**2 - 15*b + 618 + 616 + 637. Give r(2).
-3
Let c(p) = -10*p + 123. Let k(z) = 12*z - 142. Let s(i) = 14*c(i) + 12*k(i). What is s(-2)?
10
Let r(c) = 7*c**2 + 17*c + 20 + 0 - 4 - 4 - c**3. Let o be r(9). Let n(s) = -4 + 3*s**2 - s**3 + 4*s**2 - s - 3*s**2. Determine n(o).
2
Let w be (-1 - (-1 - -6)) + (23 - 24 - -10). Let b(c) be the second derivative of 1/2*c**w + 5*c + 1/2*c**4 + 0 + 0*c**2. Determine b(-2).
18
Let x(d) = 12*d**2 + 2*d - 2. Let c be x(1). Let a(s) = -21 - 28 + c*s + 72 - 27. Calculate a(3).
32
Let i be 4/(-14) + (-4)/(-14). Let p(l) be the first derivative of l**3/3 - l**2/2 + 3*l + 127. Determine p(i).
3
Let a(y) be the third derivative of -y**6/120 - y**5/6 - y**4 - 70*y**3/3 - 6*y**2 - y + 21. Give a(-9).
-5
Let m(d) = 25*d**3 - 115*d**2 + 19*d + 193. Let u(a) = -4*a**3 + 19*a**2 - 3*a - 32. Let o(s) = 6*m(s) + 37*u(s). What is o(-6)?
-8
Let k(s) = 22*s**2 - 2 + s**3 - 12*s**2 - 12*s + 0 + 10. Let c = 6501 + -6512. Calculate k(c).
19
Let c(s) = -4*s**2 - s + 49. Suppose -5*m - 3*i = -0*m - 24, -8 = -5*m - i. Calculate c(m).
49
Suppose 91*i = 402*i - 1227 - 17. Let u(y) = -y**3 + 2*y**2 + 4*y - 12. Give u(i).
-28
Let s(l) = -12*l + 29. Let b be s(2). Suppose b*k = -9*k. Let f(c) = -c**3 + 2*c. Calculate f(k).
0
Let h(y) = y**3 - 2*y**2 + 2*y - 3. Let a be -3 + 6 + 3 + (365 - -5). Let b = 379 - a. Give h(b).
12
Suppose 0 = -41*b - 78 - 73 - 13. Let w(f) = -4*f - 5*f**2 + 6*f**3 + 0*f - 4 - 7*f**3. What is w(b)?
-4
Let f = -1118 - -1118. Let t(h) = 6 - 36 - 5*h + 6*h. Give t(f).
-30
Let g(j) = -11*j + 395. Let q be g(35). Let t(o) = o**2 - 6*o - 28. Determine t(q).
12
Let c(j) = -j**2 - 6. Let w(f) = -5*f**2 - 3*f + 5. Let q(o) = 4*c(o) - w(o). Give q(-6).
-11
Suppose -4*i = 3*y - 26, -3*i = 129*y - 124*y - 25. Let u(b) = 2*b**2 + 7. What is u(i)?
57
Let k(o) = -27*o**2 - 28*o - 72. Let y(p) = 38*p**2 + 43*p + 107. Let h(c) = 7*k(c) + 5*y(c). Give h(-13).
-47
Let x(o) = -2*o**2 + 4*o**2 - 574040*o + 5 + 21 + 573999*o. Give x(19).
-31
Let l(b) be the third derivative of b**6/120 + 2*b**5/5 + 25*b**4/24 + 31*b**3/6 + 43*b**2 - 4. Determine l(-23).
-15
Let n(y) = -y + 14. Suppose -5*o = 4*b + 23, 3*b + 162*o - 160*o + 19 = 0. Give n(b).
21
Suppose -3*f + 15 = -38*m + 41*m, 4*f = m. Let p(q) = -2*q - 3. Let u be p(-3). Let i(r) = -r**2 - 8*r + 0*r**3 + 9*r - r**u. Give i(f).
-1
Let y(i) = -i - 11. Let b be (14 - (15 - 8)) + -4. Suppose -3*a - 2 - 2 = j, -3*a = b*j + 18. Calculate y(j).
-4
Let i(a) be the third derivative of -a**4/24 - a**3/2 + 3915*a**2. Let w be ((-5)/10)/((-1)/(-14)). Calculate i(w).
4
Let c(q) = -157*q - 774. Let x be c(-5). Let k(t) = -t**2 + 14*t - 26. Determine k(x).
7
Suppose 2*u + 4*y = -14, 9 = -8*y + 5*y. Let f be (3 - (u - -2))*(-287)/82. Let t(v) = -v**2 - 8*v + 9. Calculate t(f).
16
Let s(v) be the third derivative of v**5/60 - v**4/24 - 11*v**3/6 - 17*v**2 + 1. Calculate s(10).
79
Let m(h) = -96*h + 380*h - 92*h - 94*h - 97*h. Determine m(-9).
-9
Suppose -h = 2*h - 15. Let u(r) be the first derivative of 3/2*r**2 - 60 - 7*r. Determine u(h).
8
Let b(t) = t**2 - 30*t + 22. Let w = 3235 - 3206. Determine b(w).
-7
Let o(a) = 55*a - 5.